 q be (-8)/(-6)*(-18)/(-12). Suppose -5*u = -4*g - 20, 5*g + 42 = -0*u + q*u. Let t = g - -7. Let x(i) = -3*i + 1. Give x(t).
10
Let k(p) = 13810395*p + 5*p**2 - 13810395*p + 2 + p**3. Suppose v + 20 = -3*v. What is k(v)?
2
Let d(w) = -w - 5. Let b = -12 + 17. Suppose 4*q - 12 = 0, b*q = -u - u + 21. Suppose u*m + 6 + 3 = 0. Give d(m).
-2
Suppose 28*g = 30*g - 4. Let j(h) = -h**3 + 2*h**2 - h. Give j(g).
-2
Suppose 5*a = 2*a + 5*o + 8, -3*o + 24 = 3*a. Suppose 4*z + 4*k = 2 - a, 4*z - 5*k = -13. Let l(p) = 7*p - 1. Give l(z).
-15
Let v(o) be the first derivative of 1/12*o**4 + 1/2*o**2 - 5*o - 1/6*o**3 - 10. Let s(c) be the first derivative of v(c). Give s(2).
3
Let c(j) be the first derivative of j**2/2 - 10*j + 62. Let s(i) = -i - 7. Let y be s(-7). Suppose 5*d - 3*h - 1 + 10 = y, -4*d + h - 3 = 0. Determine c(d).
-10
Let k(o) be the third derivative of o**4/4 - o**3/2 + 20*o**2. Determine k(2).
9
Let i(v) = -v**2 + 5*v - 4. Let x be i(3). Suppose 5 = -q + x. Let d(k) = -49*k**2 + 105*k**2 - 55*k**2 + k. Determine d(q).
6
Let s(r) be the third derivative of -r**6/120 + r**5/30 + 5*r**4/24 - 7*r**3/6 + 71*r**2 + r. Give s(2).
3
Suppose -4*m + 2*m + 24 = -4*s, 5*m + 4*s + 10 = 0. Let r(g) = -7*g - 6*g + 5 + 11*g + 4*g**m + g**3. Give r(-4).
13
Let k(f) = -3*f - 9. Let p = -887 + 881. Determine k(p).
9
Let p = 56 - 58. Let o(v) = 1 - 2*v**2 + 3*v - 7*v**2 + 10*v**2. Calculate o(p).
-1
Let i(n) = -2*n - 12. Let g(m) = 1. Let y be ((-13)/39)/(2/6). Let t(j) = y*i(j) - 3*g(j). Determine t(-8).
-7
Let y(r) be the third derivative of 3*r**8/2240 - r**7/2520 + r**6/720 - r**5/120 + 11*r**4/12 - 23*r**2. Let l(u) be the second derivative of y(u). Give l(1).
8
Let n(m) = 2*m**3 - 28*m**2 + 3*m - 49. Let p be n(14). Let j(q) be the second derivative of q**5/20 + 7*q**4/12 + q**3/3 + 3*q**2 - q. Calculate j(p).
-8
Let x(i) be the third derivative of i**6/120 - 7*i**5/60 + i**4/24 - i**3/2 + 58*i**2. Give x(7).
4
Let t(o) = 2*o**2 - 8*o - 6. Suppose -5*b - 38 + 124 = -3*j, 160 = -5*j + 5*b. Let k = -44 - j. Let c = k + 13. Calculate t(c).
18
Let s(u) = -u**2 + u + 1. Let o(l) = -6*l + 0*l**2 + 2*l**2 + 2*l**2 - 6 + 0*l**2. Let z(k) = -o(k) - 5*s(k). What is z(-1)?
1
Let s(z) = z**3 + 4*z**2 - 6*z + 5. Let q(v) = -2*v - 1 - 3 - 4 + v. Suppose 4*i + 6 = 2*m - 0, -4*i = -4*m. Let f be q(i). Determine s(f).
10
Let b(q) be the third derivative of q**6/120 + q**5/20 + q**4/24 - q**3/3 + 2*q**2. Let f be (-714)/231 - 1/(-11). What is b(f)?
-5
Let b(y) = 0*y**2 + y**2 + 0*y + y. Let a = 7 + -1. Let u be (a/4)/((-2)/4). Calculate b(u).
6
Let o(i) = -i**3 - 4*i**2 - 3*i - 4. Let d be o(-3). Let l(n) = n**3 - n**2 - 1. Let m(f) = -3*f**3 - 4*f**2 + 6*f + 12. Let h(u) = d*l(u) - m(u). What is h(7)?
-1
Let g be 9/(-24) + 5/(-8). Let r(w) = -w**2 - 2*w - 3. Determine r(g).
-2
Let r(t) = -t - 3*t - 32*t**2 + 31*t**2 + 3. Let q(d) = -d**2 - 7*d - 6. Let f be q(-6). Suppose -2*i = u + 10, -5 = i - f*u - 3*u. Determine r(i).
-2
Let v be (-36)/(-24) - (-6)/4. Let f(g) = 2*g**2 + g - 7. Give f(v).
14
Let a be (4/(-20)*14 + 2)*-5. Let k(o) = 6*o - a + 0 - 5*o + 3. Give k(-6).
-7
Suppose 5*n - 21 = -t - t, 0 = -n - 2*t + 9. Let b(a) = -4*a + 5 + n*a + 2*a. Determine b(-7).
-2
Let v(r) = 14*r - 41. Let m(z) = -2*z + 2. Let l(a) = 6*m(a) + v(a). Give l(16).
3
Let c(a) = -a**3 - 10*a**2 + 41*a + 21. Let q be c(-13). Let b(u) be the second derivative of -u**5/20 - u**4/3 + 2*u**3/3 + 7*u**2/2 - 3*u. Calculate b(q).
12
Suppose j - 350 = -9*j. Suppose 0 = -41*s + j*s - 30. Let m(a) = -2*a**2 - 7*a + 2. Give m(s).
-13
Let v(x) be the first derivative of -3*x**2/2 + 24*x - 40. What is v(6)?
6
Let u(h) = h**3 + 8*h**2 + 3. Let c be u(-8). Let v be (-11)/(-44)*4*1. Let x(o) = o**3 - c - v + 3. What is x(1)?
0
Suppose -2*j - 23*b + 33 = -18*b, 5*b - 61 = -4*j. Let t(v) = -v**2 + 14*v + 11. What is t(j)?
11
Let z(y) = -18 + 16*y**2 - 15*y**2 - y - 9 + 2*y. What is z(0)?
-27
Suppose h - 2 - 2 = 0. Suppose 0 = -0*w - h*w. Suppose w*m + 4 = 2*m. Let u(g) = g**2. Give u(m).
4
Let v(w) = -4*w. Suppose -r = 3*s - 8 - 4, 2*r = s + 45. Suppose -19*o + r*o = -10. What is v(o)?
20
Suppose 3*v = v + 16. Let g(o) = -71*o + 3. Let i(y) = 89*y - 2. Let u(s) = -5*g(s) - 4*i(s). Calculate u(v).
-15
Let u(q) be the first derivative of q**3/3 - 3*q**2/2 - 3*q + 571. What is u(-1)?
1
Let w(f) be the first derivative of -f**2 - 10*f - 367. Calculate w(0).
-10
Let r(i) be the first derivative of -8*i**3/3 + i - 8. Let q(f) = -f**2 + 7*f + 10. Let u be q(8). Let k be ((-1)/(-1))/(u/(-2)). Give r(k).
-7
Let g(t) = 2*t**2 + 10*t - 5. Suppose -3*o + 9*c - 8*c = 25, 10 = -5*c. Calculate g(o).
67
Let w(l) = -17*l - 34. Let f(t) = -9*t - 17. Let u(q) = 11*f(q) - 6*w(q). What is u(-6)?
-1
Let s = -23 - -28. Suppose 3*t - s = -2*t. Let k(v) be the first derivative of 10*v**3/3 - v + 1. What is k(t)?
9
Let t(g) = -7*g + 3. Let q(y) = -3*y + 2. Let w be q(-5). Let z = w - 14. Calculate t(z).
-18
Let l be 2/(-3)*(-6)/(-4 + 5). Let p(v) be the third derivative of 7/6*v**3 + 0 + 0*v**l + 0*v + 1/60*v**5 + 6*v**2. What is p(0)?
7
Let x(d) = 6*d + d**2 + 134 - 69 - 60. Suppose -p + 12 = -4*p. What is x(p)?
-3
Let v(g) = -g**3 + 3*g**2 + 2*g - 1. Let y be v(3). Suppose 4*q = -y*k + 30, q + 3*q - 12 = 4*k. Let x(b) = -b**2 - b + 2. Calculate x(k).
-4
Let x(d) be the third derivative of -d**5/60 + 5*d**4/12 - 7*d**3/6 - 26*d**2. Calculate x(11).
-18
Let f be 10/(-4)*8/(-10). Suppose -g = x + 2*x - 9, f*x + 11 = 5*g. Let j(o) = g*o - o**3 - 11 - 5*o - 4 + 3*o. Determine j(0).
-15
Let v(n) = 7*n - n**3 - 12*n - 2 - 4*n**2 + 6*n. Calculate v(-5).
18
Let r(q) = 2*q**2 + 12*q - 6. Let p(v) = -4*v**2 - 25*v + 13. Let g(o) = 6*p(o) + 13*r(o). Give g(-3).
0
Let r(i) = -5*i + 7. Let g(c) = -c. Let n(a) = 4*g(a) - r(a). Give n(5).
-2
Suppose 4*q = -3*s + 4 + 10, -4*s + 3*q - 23 = 0. Let f(h) be the second derivative of h**4/12 + h**2 + 4614*h. Give f(s).
6
Let i(g) = -g**3 + 13*g**2 - 11*g - 14. Let y = 75 - 63. What is i(y)?
-2
Let v(f) = -3*f**3 - 4*f**2 - 9*f + 4. Let j(z) be the second derivative of -z**5/10 - z**4/3 - 4*z**3/3 + 3*z**2/2 + z. Let s(k) = 4*j(k) - 3*v(k). Give s(5).
0
Let w(d) = d**3 - 4*d**2. Let y(b) = -b**3 - 8*b**2 - 7*b - 15. Let g be y(-7). Let u be 3/(g/(-35)) + -3. Calculate w(u).
0
Suppose 14 - 10 = 2*t. Let d(f) = 4*f + 5 - 3*f - 10 - t*f. Determine d(-4).
-1
Let u(r) = -2*r**2 + 7*r - 2. Let o be u(3). Let w(l) be the first derivative of l**2 - l + 13. Give w(o).
1
Suppose -2*k - 3*k + 10 = 0. Let a(h) = 3 - h - k - 3*h. Let s(g) = 5*g - 1. Let u(o) = -6*a(o) - 5*s(o). Determine u(-1).
0
Let l(v) = v**2 + 5*v + 1. Suppose 13*p + 12 = 16*p. Suppose 5*u = 5*f + 40, p*f + 26 = -f - 2*u. Give l(f).
7
Let b be 5*1 + (-3 - 1) - -1. Let g(u) = 5 + 7*u**2 - 4*u**2 - 6*u - 4*u**b. Determine g(-6).
5
Let h be (-3 - (-3 - -3))/(-1). Let f be 82/(h + -5 + 4). Suppose 10*x + f = -19. Let g(j) = j + 4. Give g(x).
-2
Let n be 0 + 42/(-9)*9/(-6). Let w(h) = 2*h**2 - 10*h - 1. Calculate w(n).
27
Let g(t) = 4*t + 1. Let s = -124 - -127. What is g(s)?
13
Let b(j) be the second derivative of -j**5/20 - 4*j**4/3 - 5*j**3/2 + j**2 + 85*j. What is b(-15)?
2
Let l(w) = w + 10. Let y be l(-13). Let n(o) = 28 + 0 + o - 12 - 10. Give n(y).
3
Let i(f) = -4*f + 1. Suppose -150 = 3*j - 18*j. Give i(j).
-39
Suppose 5*o - 23 = -58. Let z(q) be the first derivative of -2*q + 8/3*q**3 + 1/4*q**4 + 2 + 3*q**2. Give z(o).
5
Let u(q) = 92*q**2 - 7*q + 3 - 93*q**2 + q. Let s be -12*((-6)/(-3))/4. Give u(s).
3
Let c(t) = -t**2 - 9*t + 4. Let g be c(-8). Let x = -17 + g. Let l(a) be the first derivative of -a**2 - 4*a + 25. Give l(x).
6
Let j(n) = n**3 - 4*n**2 + 3*n + 2. Suppose 11*x - 8*x = 12. Suppose -4*k + 3 = x*o - k, 5*o = -k + 12. Give j(o).
2
Let r = 50 - 43. Let w(i) = 1 - r - i + 4. Give w(3).
-5
Let k(q) be the first derivative of -q**3/3 + 6*q**2 - 28*q - 323. Calculate k(9).
-1
Let a(q) = 2*q - 21. Let v(j) = 2*j - 11. Let h(s) = 6*a(s) - 11*v(s). Give h(-2).
15
Suppose -b + 2*b + 5*k = 13, -2*k + 6 = 0. Let x be 2/(b*1/(-4)). Let d = 2 - x. Let m(v) = v. What is m(d)?
-2
Let p(c) = -9*c - 6*c**2 - c**3 + 10*c + 8 - 6*c - 1. Determine p(-6).
37
Let l(z) = -12*z**2 + 6 - 8 + 38*z**2 - 27*z**2 - 3*z. Give l(-7).
-30
Let u be ((24